{"id":146,"date":"2015-11-19T01:04:48","date_gmt":"2015-11-18T18:04:48","guid":{"rendered":"http:\/\/singlestroke.io\/demo\/jackrose-wp\/?page_id=146"},"modified":"2025-09-15T11:23:37","modified_gmt":"2025-09-15T09:23:37","slug":"guestbook","status":"publish","type":"page","link":"https:\/\/mariagepaulineetantoine2024.com\/index.php\/guestbook\/","title":{"rendered":"Guestbook"},"content":{"rendered":"<div id=\"pl-146\"  class=\"panel-layout\" ><div id=\"pg-146-0\"  class=\"panel-grid panel-no-style\" ><div id=\"pgc-146-0-0\"  class=\"panel-grid-cell panel-grid-cell-empty\" ><\/div><div id=\"pgc-146-0-1\"  class=\"panel-grid-cell panel-grid-cell-mobile-last\" ><div id=\"panel-146-0-1-0\" class=\"so-panel widget widget_jackrose-sow-section-heading panel-first-child\" data-index=\"0\" ><div\n\t\t\t\n\t\t\tclass=\"so-widget-jackrose-sow-section-heading so-widget-jackrose-sow-section-heading-default-d75171398898-146\"\n\t\t\t\n\t\t><header class=\"jackrose-sow-section-header align-center\">\r\n\t<h2 class=\"jackrose-sow-section-heading typography-section-heading\" style=\"color: #dcc8b4\">Guestbook<\/h2>\r\n\t<p class=\"jackrose-sow-section-subheading\" style=\"color: #888888\"><\/p>\r\n<\/header><!-- .jackrose-sow-section-header --><\/div><\/div><div id=\"panel-146-0-1-1\" class=\"so-panel widget widget_jackrose-sow-guestbook panel-last-child\" data-index=\"1\" ><div\n\t\t\t\n\t\t\tclass=\"so-widget-jackrose-sow-guestbook so-widget-jackrose-sow-guestbook-default-d75171398898-146\"\n\t\t\t\n\t\t><div class=\"jackrose-sow-guestbook\">\r\n\t<div class=\"gwolle-gb\"><div class=\"gwolle_gb_messages_top_container\"><\/div>\n\t\t\t<form action=\"#\" method=\"POST\" class=\"gwolle-gb-write gwolle-gb-float gwolle_gb_form_ajax gwolle-gb-form-ajax gwolle-gb-ajax gwolle-gb-not-logged-in\">\n\t\t\t\t<h3>Envoyez un message aux t\u00e9moins pour vos id\u00e9es d&#39;animations et vos questions<\/h3>\n\t\t\t\t\n\t\t\t\t<input type=\"hidden\" name=\"gwolle_gb_function\" class=\"gwolle_gb_function\" value=\"add_entry\" \/><input type=\"hidden\" name=\"gwolle_gb_book_id\" class=\"gwolle_gb_book_id\" value=\"1\" \/><div class=\"gwolle_gb_8d8e1308b74f4274e546815c0b5f1155\">\n\t\t\t\t<div class=\"label\"><label for=\"gwolle_gb_8d8e1308b74f4274e546815c0b5f1155-2\" class=\"text-info\">Name <span class=\"required\">*<\/span><\/label><\/div>\n\t\t\t\t<div class=\"input\"><input class=\"wp-exclude-emoji gwolle_gb_8d8e1308b74f4274e546815c0b5f1155\" value=\"\" type=\"text\" id=\"gwolle_gb_8d8e1308b74f4274e546815c0b5f1155-2\" name=\"gwolle_gb_8d8e1308b74f4274e546815c0b5f1155\" required \/><\/div>\n\t\t\t\t<div class=\"clearBoth\"><\/div>\n\t\t\t<\/div><div class=\"gwolle_gb_1836ffa29e33688440a2062a44e0b684\">\n\t\t\t\t<div class=\"label\"><label for=\"gwolle_gb_1836ffa29e33688440a2062a44e0b684-2\" class=\"text-info\">Email <span class=\"required\">*<\/span><\/label><\/div>\n\t\t\t\t<div class=\"input\"><input class=\"gwolle_gb_1836ffa29e33688440a2062a44e0b684\" value=\"\" type=\"email\" id=\"gwolle_gb_1836ffa29e33688440a2062a44e0b684-2\" name=\"gwolle_gb_1836ffa29e33688440a2062a44e0b684\" required \/><\/div>\n\t\t\t\t<div class=\"clearBoth\"><\/div>\n\t\t\t<\/div>\n\t\t\t<div class=\"gwolle_gb_058a58543ba364aaed513564781a26ee\" style=\"display:none;overflow:hidden;\" hidden=\"true\" aria-hidden=\"true\">\n\t\t\t\t<div class=\"label\">\n\t\t\t\t\t<label for=\"gwolle_gb_058a58543ba364aaed513564781a26ee-2\" class=\"text-primary\">Do not touch this<\/label>\n\t\t\t\t\t<label for=\"gwolle_gb_29750b91bdef8db680e19c64f17a82c3-2\" class=\"text-primary\">Do not touch this<\/label>\n\t\t\t\t<\/div>\n\t\t\t\t<div class=\"input\">\n\t\t\t\t\t<input value=\"87\" type=\"text\" id=\"gwolle_gb_058a58543ba364aaed513564781a26ee-2\" name=\"gwolle_gb_058a58543ba364aaed513564781a26ee\" class=\"gwolle_gb_058a58543ba364aaed513564781a26ee\" style=\"transform: translateY(10000px);\" \/>\n\t\t\t\t\t<input value=\"\" type=\"text\" name=\"gwolle_gb_29750b91bdef8db680e19c64f17a82c3\" id=\"gwolle_gb_29750b91bdef8db680e19c64f17a82c3-2\" class=\"gwolle_gb_29750b91bdef8db680e19c64f17a82c3\" style=\"transform: translateY(10000px);\" \/>\n\t\t\t\t<\/div>\n\t\t\t\t<div class=\"clearBoth\"><\/div>\n\t\t\t<\/div>\n\t\t\t<div class=\"gwolle_gb_b08447453dcf2b9c0df04f33c57f777c\" style=\"display:none;overflow:hidden;\" hidden=\"true\" aria-hidden=\"true\">\n\t\t\t\t<div class=\"label\">\n\t\t\t\t\t<label for=\"gwolle_gb_b08447453dcf2b9c0df04f33c57f777c-2\" class=\"text-primary\">Do not touch this<\/label>\n\t\t\t\t\t<label for=\"gwolle_gb_aef42555256f3ae36b4f1dda464c911c-2\" class=\"text-primary\">Do not touch this<\/label>\n\t\t\t\t<\/div>\n\t\t\t\t<div class=\"input\">\n\t\t\t\t\t<input value=\"51887\" type=\"text\" id=\"gwolle_gb_b08447453dcf2b9c0df04f33c57f777c-2\" name=\"gwolle_gb_b08447453dcf2b9c0df04f33c57f777c\" class=\"gwolle_gb_b08447453dcf2b9c0df04f33c57f777c\" style=\"transform: translateY(10000px);\" \/>\n\t\t\t\t\t<input value=\"51887\" type=\"text\"id=\"gwolle_gb_aef42555256f3ae36b4f1dda464c911c-2\" name=\"gwolle_gb_aef42555256f3ae36b4f1dda464c911c\" class=\"gwolle_gb_aef42555256f3ae36b4f1dda464c911c\" style=\"transform: translateY(10000px);\" \/>\n\t\t\t\t<\/div>\n\t\t\t\t<div class=\"clearBoth\"><\/div>\n\t\t\t<\/div><div class=\"gwolle_gb_content\">\n\t\t\t\t<div class=\"label\"><label for=\"gwolle_gb_content-2\" class=\"text-info\">Guestbook entry <span class=\"required\">*<\/span><\/label><\/div>\n\t\t\t\t<div class=\"input\"><textarea id=\"gwolle_gb_content-2\" name=\"gwolle_gb_content\" class=\"gwolle_gb_content wp-exclude-emoji\" required ><\/textarea><\/div>\n\t\t\t\t\t<div class=\"clearBoth\"><\/div>\n\t\t\t\t<\/div><input type=\"hidden\" class=\"gwolle_gb_a0e2b6d8bafcfdc75d0295397f8eaeaf\" id=\"gwolle_gb_a0e2b6d8bafcfdc75d0295397f8eaeaf-2\" name=\"gwolle_gb_a0e2b6d8bafcfdc75d0295397f8eaeaf\" value=\"6e92f872cb\" \/>\n\t\t\t<div class=\"gwolle_gb_messages_bottom_container\"><\/div>\n\n\t\t\t<noscript><div class=\"no-js\">Warning: This form can only be used if JavaScript is enabled in your browser.<\/div><\/noscript>\n\n\t\t\t<div class=\"gwolle_gb_submit\">\n\t\t\t\t<div class=\"label gwolle-gb-invisible text-muted\"><\/div>\n\t\t\t\t<div class=\"input\">\n\t\t\t\t\t<input type=\"submit\" name=\"gwolle_gb_submit\" class=\"gwolle_gb_submit button btn btn-primary \" value=\"Submit\" \/>\n\t\t\t\t\t<span class=\"gwolle_gb_submit_ajax_icon\"><\/span>\n\t\t\t\n\t\t\t\t<\/div>\n\t\t\t\t<div class=\"clearBoth\"><\/div>\n\t\t\t<\/div>\n\n\t\t\t<div class=\"gwolle_gb_notice\">\n\t\t\t\tLes champs marqu\u00e9s avec un * sont obligatoires.<br \/>\r\nVotre adresse e-mail ne sera pas publi\u00e9e.<br \/>\r\nN&#039;h\u00e9sitez pas \u00e0 partager vos id\u00e9es les plus folles !\n\t\t\t<\/div><\/form><div class=\"gwolle-gb-read gwolle-gb-ajax gwolle-gb-entries-list\" data-book_id=\"1\">(no entries yet)<\/div><\/div><\/div><\/div><\/div><\/div><div id=\"pgc-146-0-2\"  class=\"panel-grid-cell panel-grid-cell-empty\" ><\/div><\/div><\/div>","protected":false},"excerpt":{"rendered":"<p>Guestbook Envoyez un message aux t\u00e9moins pour vos id\u00e9es d&#39;animations et vos questions Name * Email * Do not touch this Do not touch this Do not touch this Do not touch this Guestbook entry * Warning: This form can only be used if JavaScript is enabled in your browser. Les champs marqu\u00e9s avec un [&hellip;]<\/p>\n","protected":false},"author":1,"featured_media":0,"parent":0,"menu_order":0,"comment_status":"closed","ping_status":"closed","template":"","meta":{"footnotes":""},"class_list":["post-146","page","type-page","status-publish","hentry"],"_links":{"self":[{"href":"https:\/\/mariagepaulineetantoine2024.com\/index.php\/wp-json\/wp\/v2\/pages\/146","targetHints":{"allow":["GET"]}}],"collection":[{"href":"https:\/\/mariagepaulineetantoine2024.com\/index.php\/wp-json\/wp\/v2\/pages"}],"about":[{"href":"https:\/\/mariagepaulineetantoine2024.com\/index.php\/wp-json\/wp\/v2\/types\/page"}],"author":[{"embeddable":true,"href":"https:\/\/mariagepaulineetantoine2024.com\/index.php\/wp-json\/wp\/v2\/users\/1"}],"replies":[{"embeddable":true,"href":"https:\/\/mariagepaulineetantoine2024.com\/index.php\/wp-json\/wp\/v2\/comments?post=146"}],"version-history":[{"count":4,"href":"https:\/\/mariagepaulineetantoine2024.com\/index.php\/wp-json\/wp\/v2\/pages\/146\/revisions"}],"predecessor-version":[{"id":316,"href":"https:\/\/mariagepaulineetantoine2024.com\/index.php\/wp-json\/wp\/v2\/pages\/146\/revisions\/316"}],"wp:attachment":[{"href":"https:\/\/mariagepaulineetantoine2024.com\/index.php\/wp-json\/wp\/v2\/media?parent=146"}],"curies":[{"name":"wp","href":"https:\/\/api.w.org\/{rel}","templated":true}]}}